d u.
17
Let i = 11 - 7. Suppose i*p = -p + 200. Suppose 144 = 16*q - 14 + 30. What is the highest common divisor of p and q?
8
Suppose -2 = -2*s, 3*m - 80 = -m - 4*s. Suppose -m + 1 = -h. Calculate the greatest common divisor of 30 and h.
6
Suppose 9 + 15 = 2*h + 4*u, 3*h = 5*u + 69. Calculate the greatest common divisor of 42 and h.
6
Suppose 0 = -f - 5*v - 6, 4*f + 0*f + v - 33 = 0. What is the greatest common divisor of f and 9?
9
Let g(p) = 2*p**2 - 6*p - 205. Let j be g(-9). What is the highest common factor of 792 and j?
11
Let c be (-4)/(-7)*42/12. Suppose c*z + 2*y = 118, 3*z = -y - y + 173. Suppose -3*i = -148 + 82. What is the greatest common factor of z and i?
11
Suppose 0 = -2*j - 4, 5*j + 103 + 63 = 3*z. Let t = 74 - z. What is the greatest common divisor of 44 and t?
22
Suppose 3*o - 5*p + 1067 = 0, 2*o - 3*p = 3*o + 337. Let a be (1 + 2)*(-5 + 2). Let i be 6/27 + o/a. What is the highest common factor of 13 and i?
13
Let p(s) = -s**3 - s**2 - 2*s + 7. Let q be p(-2). What is the greatest common factor of q and 33?
3
Let u = -12 - 33. Let y be -3*(-10)/u*-6. What is the highest common factor of y and 6?
2
Let c be (-1)/(-5) + 24/(-20). Let g be -1 - (21 + c)/(-4). Suppose 0 = -g*f + 18 + 54. What is the greatest common divisor of f and 45?
9
Suppose 89*t = 134*t - 180. What is the greatest common factor of t and 97?
1
Let h = 403 + -383. What is the greatest common divisor of 290 and h?
10
Suppose 2*p - 58 + 8 = 0. What is the highest common divisor of p and 575?
25
Let r be (-28 + 43)*(-1)/(-3). Calculate the highest common factor of 185 and r.
5
Suppose 3*j - 8 = -j. Suppose 4*f = 2*t - 18, 4 - 10 = j*t + 2*f. Calculate the highest common factor of 4 and t.
1
Let q = -6 - -25. Let i(j) = -4*j**3 + 3*j**2 - j - 5. Let r be i(-3). Calculate the highest common divisor of q and r.
19
Let w be 1276/8 + (-12)/(-8). Suppose -4*l + w = -255. Suppose -3*b = 14 - l. Calculate the highest common factor of b and 10.
10
Let u = 112 + -112. Suppose -5*t = -u*t - 5*d - 40, 4*d - 40 = -4*t. What is the greatest common factor of 21 and t?
3
Let s be 0*(3 - 57/9 - -3). Suppose 4*h + 0*h = -4, -b + 2*h + 107 = s. Let o be (6*1)/(2/5). What is the greatest common factor of b and o?
15
Let d be -1 + -5*(-18)/15. Let y(f) = -2 - 9*f + f**2 + 7*f + 6*f - 8. Let u be y(-10). What is the greatest common factor of d and u?
5
Let v(x) = 5*x + 50. Let h be v(-6). Calculate the highest common divisor of h and 70.
10
Let x be -2*2*(-9)/6. Let h be 1/(-2) + 243/x. Suppose 3*a - 2*a - h = 0. Calculate the greatest common divisor of a and 8.
8
Let v(s) = -s**3 - 12*s**2 - 13*s - 10. Let b be v(-11). Suppose 4*w - b*w + 312 = 0. Calculate the greatest common divisor of w and 13.
13
Let z be (-361)/(-2) + 1/2. Suppose -z = -s - 28. Let l(q) = 17*q**3 - 8*q**2 + 12*q - 4. Let d be l(1). What is the greatest common divisor of s and d?
17
Suppose -4*z - 2 = -10. Let u = 73 + -70. What is the highest common divisor of z and u?
1
Suppose 5*r + 63 = -187. Let d be (-2)/(-3) + r/30 + 30. What is the greatest common divisor of 29 and d?
29
Suppose 40*o - 41*o - 21 = 0. Let q = o - -57. What is the greatest common factor of q and 4?
4
Let m = 15 + 7. Let r be ((-9)/15)/(2/(-110)). Calculate the highest common factor of r and m.
11
Let b(k) = k**2 + k + 1. Let o be b(-2). Let m be 4/6*3*o. Let q be (-1050)/(-8) - m/(-8). What is the greatest common factor of 12 and q?
12
Suppose -5*h + 1880 + 790 = 0. Suppose 0 = -5*d - 5*c + 420, 5*d - c = -138 + h. What is the greatest common factor of 16 and d?
16
Let o = 1224 + -974. Calculate the highest common factor of o and 200.
50
Suppose 0 = 4*q - 3*q - 7. Let s = q - 6. Let n be (s + -13)*(-32)/6. Calculate the greatest common divisor of 8 and n.
8
Suppose -2*l - 43 = 5. Let o be -14*(2/(-6) + 4/l). Calculate the greatest common factor of 21 and o.
7
Let c be (-9)/6*80/(-6). Let v(w) = -5*w - 10. Let z be v(-6). Calculate the greatest common factor of c and z.
20
Suppose 16*k = 11*k + 50. Suppose -26 - 144 = -k*q. What is the highest common divisor of q and 68?
17
Suppose -3424 = 2*q - 5*q - 4*l, 3*l - 12 = 0. Calculate the greatest common divisor of q and 32.
16
Let p be 2400/(-18) + (-2)/3. Let a = -125 - p. What is the highest common divisor of a and 3?
3
Let m = -15 + 61. Suppose 2*q - m = -5*p, -2*q = p + 2*p - 46. Calculate the greatest common factor of 69 and q.
23
Suppose 0 = 7*d - 10*d + 288. What is the highest common divisor of 102 and d?
6
Suppose 2*k = 2*x + 448, -3*k = -8*k + x + 1100. Let n = k + -129. Calculate the highest common factor of 10 and n.
10
Let i(b) = -2*b**2 - 46*b + 175. Let n be i(-25). Calculate the highest common factor of 165 and n.
15
Let m = 16 - -82. What is the greatest common factor of 343 and m?
49
Let h(w) = 4*w - 10. Suppose -10*t = -12*t + 8. Let y be h(t). Calculate the highest common factor of y and 24.
6
Let j = 2 + 0. Let g = 1491 - 1483. What is the highest common divisor of j and g?
2
Let j(l) = -l**2 + 7*l + 9. Let i be j(7). Let x(u) = u**3 + 15*u**2 + 12. Let n be x(-15). Let p = n + -3. What is the highest common factor of p and i?
9
Let g be 1 + 3 + -1 - -1. Let c be g/(8/70)*1. Let y = -9 + c. Calculate the greatest common divisor of y and 26.
26
Suppose 4*t + 332 = 2*s, 2*s - 18*t - 360 = -21*t. What is the highest common divisor of s and 6?
6
Suppose 8*k - 4*k - 4*l = 16, 3*k = 5*l + 18. Let v be k + 54/8 - 2/(-8). What is the greatest common factor of 32 and v?
8
Let q be ((6 - 3) + -8)*-15. Suppose 6*j = -j + 105. What is the greatest common divisor of q and j?
15
Let g(k) be the first derivative of 2*k**2 - 19*k + 5. Let f be g(8). Let x be 12/30 + (-189)/(-15). Calculate the greatest common divisor of f and x.
13
Let o be (-3)/9 - ((-36723)/9 - 0). What is the highest common divisor of o and 60?
60
Suppose -8*t = -7*t - 5. Let a(s) = 5*s - 15. Let z be a(t). Calculate the greatest common divisor of 70 and z.
10
Let v be 7 + 1*(0 + -3). Suppose b + 98 = 3*s + 6*b, -2*s + 3*b = -78. What is the highest common factor of s and v?
4
Let t = 17 + -5. Let x = 210 + -126. Calculate the greatest common factor of x and t.
12
Let d(i) = -i**3 - 4*i**2 - i - 4. Let b be d(-3). Let y = b + 62. Calculate the highest common divisor of y and 8.
4
Suppose -4*v - v = t - 12, 12 = 2*t + 4*v. Let a be -4 - -9 - (-46)/t. Calculate the greatest common factor of 56 and a.
28
Suppose -z = 4 - 9. Suppose -3*v + 46 = -z. Calculate the greatest common divisor of 391 and v.
17
Suppose -11*b = 2*b - 338. Calculate the highest common factor of b and 598.
26
Let i be (-44)/10 - (-4)/10. Suppose 126*y - 125*y = 10. Let n = i + y. Calculate the highest common divisor of n and 66.
6
Let j(f) = f - 4. Suppose 0 = -4*y + 15 - 3. Let l be j(y). Let t be ((-17)/l)/((-7)/(-77)). Calculate the greatest common factor of 17 and t.
17
Suppose 4*z + 3*h + 46 = 0, 5*h + 40 = -2*z - z. Let r = z - -25. What is the highest common divisor of r and 5?
5
Suppose 891*t - 893*t = -1632. Calculate the highest common factor of t and 32.
16
Let f be 1*-12*-2*(-1)/4. Let p be (f*(-1)/(-2))/(3/(-38)). Calculate the greatest common factor of p and 190.
38
Suppose -2*u + 384 = 2*v, 3*u + 172 = -v + 2*v. Suppose 143 = 5*f - v. Suppose -f = -2*k - 18. What is the highest common divisor of 3 and k?
3
Let r = 281 + -272. Let s = 64 - 55. Calculate the highest common divisor of r and s.
9
Let t(w) = -7*w + 11. Let b be t(-7). What is the highest common factor of 36 and b?
12
Let f(u) = -u**3 + 18*u**2 + 23*u - 66. Let b be f(19). Calculate the highest common factor of 490 and b.
10
Let g(y) = y**3 - 4*y**2 - 5*y. Let n be g(5). Suppose -2*v + 1 + 5 = n. Suppose -v - 7 = -2*j. Calculate the greatest common divisor of j and 25.
5
Let q(j) = j**3 - 12*j**2 - 2*j + 26. Let i be q(12). Let f be (i - -1)/((-9)/(-60)). What is the greatest common divisor of f and 25?
5
Let t be (-152 - (-3 + 7))/((-3)/6). What is the greatest common divisor of 195 and t?
39
Suppose -4*u = 262*u - 13300. Let r be (194/6 - -1)*3. What is the highest common divisor of u and r?
50
Suppose 2*u - 105 = -3*u. Suppose 0 = -5*v + 4*m - 107, -3*v + 5*m - 67 - 5 = 0. Let g = u - v. What is the greatest common factor of g and 8?
8
Let c(h) = h + 17. Let n be c(